{"id":16,"date":"2019-02-25T22:22:43","date_gmt":"2019-02-25T22:22:43","guid":{"rendered":"http:\/\/psychiatriebeschwerde-hl-oh.de\/?page_id=16"},"modified":"2023-08-22T18:49:28","modified_gmt":"2023-08-22T18:49:28","slug":"kontakt","status":"publish","type":"page","link":"https:\/\/psychiatriebeschwerde-hl-oh.de\/?page_id=16","title":{"rendered":"Kontakt"},"content":{"rendered":"\n<h3 class=\"wp-block-heading\">Sprechstunden in L\u00fcbeck nach Bedarf<\/h3>\n\n\n\n<p>Z.B. &nbsp;den R\u00e4umen der Beratungsstelle Die BR\u00dcCKE, Engelsgrube 20<\/p>\n\n\n\n<h3 class=\"wp-block-heading\">Sprechstunden in Neustadt nach Bedarf<\/h3>\n\n\n\n<p>Z.B im Ameos Klinikum Neustadt, Wiesenhof In den R\u00e4umen des Pastorats<\/p>\n\n\n\n<h3 class=\"wp-block-heading\">Kontakt<\/h3>\n\n\n\n<p>Telefon: 0451-384440 <br>E-Mail: <a href=\"mailto:info@psychiatriebeschwerde.de\">info@psychiatriebeschwerde.de<\/a><\/p>\n\n\n\n<h4 class=\"wp-block-heading\">Postanschrift<\/h4>\n\n\n\n<p>Beschwerdestelle f\u00fcr Psychiatrieerfahrene und deren Angeh\u00f6rige f\u00fcr die Hansestadt L\u00fcbeck und den Kreis Ostholstein e.V.<br>Adolfstrasse 9<br>23568 L\u00fcbeck<\/p>\n\n\n\n<p><strong>Die Beschwerdestelle f\u00fcr Psychiatrieerfahrene und deren Angeh\u00f6rige ist ein eingetragener Verein und als gemeinn\u00fctzig anerkannt. Unsere Arbeit ist ehrenamtlich und f\u00fcr Sie kostenlos.<\/strong><\/p>\n\n\n\n<p>F\u00fcr die Deckung der laufenden Kosten sind wir auf finanzielle Unterst\u00fctzung angewiesen:<\/p>\n\n\n\n<p>Spendenkonto<br>Sparkasse Ostholstein<br>Kontonumer: 810 415 35<br>Bankleitzahl: 213 522 40<\/p>\n","protected":false},"excerpt":{"rendered":"<p>Sprechstunden in L\u00fcbeck nach Bedarf Z.B. &nbsp;den R\u00e4umen der Beratungsstelle Die BR\u00dcCKE, Engelsgrube 20 Sprechstunden in Neustadt nach Bedarf Z.B im Ameos Klinikum Neustadt, Wiesenhof In den R\u00e4umen des Pastorats Kontakt Telefon: 0451-384440 E-Mail: info@psychiatriebeschwerde.de Postanschrift Beschwerdestelle f\u00fcr Psychiatrieerfahrene und deren Angeh\u00f6rige f\u00fcr die Hansestadt L\u00fcbeck und den Kreis Ostholstein e.V.Adolfstrasse 923568 L\u00fcbeck Die Beschwerdestelle &#8230; <a title=\"Kontakt\" class=\"read-more\" href=\"https:\/\/psychiatriebeschwerde-hl-oh.de\/?page_id=16\">weiterlesen<span class=\"screen-reader-text\">Kontakt<\/span><\/a><\/p>\n","protected":false},"author":1,"featured_media":0,"parent":0,"menu_order":0,"comment_status":"closed","ping_status":"closed","template":"","meta":{"footnotes":""},"_links":{"self":[{"href":"https:\/\/psychiatriebeschwerde-hl-oh.de\/index.php?rest_route=\/wp\/v2\/pages\/16"}],"collection":[{"href":"https:\/\/psychiatriebeschwerde-hl-oh.de\/index.php?rest_route=\/wp\/v2\/pages"}],"about":[{"href":"https:\/\/psychiatriebeschwerde-hl-oh.de\/index.php?rest_route=\/wp\/v2\/types\/page"}],"author":[{"embeddable":true,"href":"https:\/\/psychiatriebeschwerde-hl-oh.de\/index.php?rest_route=\/wp\/v2\/users\/1"}],"replies":[{"embeddable":true,"href":"https:\/\/psychiatriebeschwerde-hl-oh.de\/index.php?rest_route=%2Fwp%2Fv2%2Fcomments&post=16"}],"version-history":[{"count":2,"href":"https:\/\/psychiatriebeschwerde-hl-oh.de\/index.php?rest_route=\/wp\/v2\/pages\/16\/revisions"}],"predecessor-version":[{"id":108,"href":"https:\/\/psychiatriebeschwerde-hl-oh.de\/index.php?rest_route=\/wp\/v2\/pages\/16\/revisions\/108"}],"wp:attachment":[{"href":"https:\/\/psychiatriebeschwerde-hl-oh.de\/index.php?rest_route=%2Fwp%2Fv2%2Fmedia&parent=16"}],"curies":[{"name":"wp","href":"https:\/\/api.w.org\/{rel}","templated":true}]}}