{"id":12,"date":"2019-02-25T22:19:26","date_gmt":"2019-02-25T22:19:26","guid":{"rendered":"http:\/\/psychiatriebeschwerde-hl-oh.de\/?page_id=12"},"modified":"2019-02-25T22:19:26","modified_gmt":"2019-02-25T22:19:26","slug":"ueber-uns","status":"publish","type":"page","link":"https:\/\/psychiatriebeschwerde-hl-oh.de\/?page_id=12","title":{"rendered":"\u00dcber uns"},"content":{"rendered":"\n<p>Mitarbeiterinnen und Mitarbeiter verschiedener psychiatrischer Einrichtungen, Fachleute aus Justiz, Medizin, Seelsorge, Sozialarbeit sowie Psychiatrieerfahrene und deren Angeh\u00f6rige gr\u00fcndeten im November 2000 die erste unabh\u00e4ngige Beschwerdestelle in Schleswig Holstein f\u00fcr die Hansestadt L\u00fcbeck und den Kreis Ostholstein.<\/p>\n\n\n\n<p>Die Unterst\u00fctzung durch den Verein betrifft nicht nur den Kern pers\u00f6nlicher Rechte, sondern umfasst das ganze Spektrum der Unterbringung, \u00e4rztlichen Behandlung, Therapie, psychosozialer Betreuung, Pflege und den Kontakt mit \u00c4mtern und Beh\u00f6rden.<\/p>\n\n\n\n<p>In keinem anderen medizinischen Bereich sehen sich Patienten der Einschr\u00e4nkung pers\u00f6nlicher Freiheiten durch Anordnungen in Kliniken und Heimen derart ausgesetzt wie in der Psychiatrie.<\/p>\n\n\n\n<p>Damit diese Menschen und deren Angeh\u00f6rige die M\u00f6glichkeit haben, sich mit ihren Problemen Geh\u00f6r zu verschaffen, hat es sich der Verein zur Aufgabe gemacht, den Hilfesuchenden den R\u00fccken zu st\u00e4rken und bei der Durchsetzung ihrer Rechte und Interessen zu unterst\u00fctzen. Unter st\u00e4ndiger Einbeziehung der Betroffenen sind die ehrenamtlichen Kr\u00e4fte der Beschwerdestelle geschult, vermittelnd und l\u00f6sungsorientiert t\u00e4tig zu sein.<\/p>\n","protected":false},"excerpt":{"rendered":"<p>Mitarbeiterinnen und Mitarbeiter verschiedener psychiatrischer Einrichtungen, Fachleute aus Justiz, Medizin, Seelsorge, Sozialarbeit sowie Psychiatrieerfahrene und deren Angeh\u00f6rige gr\u00fcndeten im November 2000 die erste unabh\u00e4ngige Beschwerdestelle in Schleswig Holstein f\u00fcr die Hansestadt L\u00fcbeck und den Kreis Ostholstein. Die Unterst\u00fctzung durch den Verein betrifft nicht nur den Kern pers\u00f6nlicher Rechte, sondern umfasst das ganze Spektrum der Unterbringung, &#8230; <a title=\"\u00dcber uns\" class=\"read-more\" href=\"https:\/\/psychiatriebeschwerde-hl-oh.de\/?page_id=12\">weiterlesen<span class=\"screen-reader-text\">\u00dcber uns<\/span><\/a><\/p>\n","protected":false},"author":1,"featured_media":0,"parent":0,"menu_order":0,"comment_status":"closed","ping_status":"closed","template":"","meta":{"footnotes":""},"_links":{"self":[{"href":"https:\/\/psychiatriebeschwerde-hl-oh.de\/index.php?rest_route=\/wp\/v2\/pages\/12"}],"collection":[{"href":"https:\/\/psychiatriebeschwerde-hl-oh.de\/index.php?rest_route=\/wp\/v2\/pages"}],"about":[{"href":"https:\/\/psychiatriebeschwerde-hl-oh.de\/index.php?rest_route=\/wp\/v2\/types\/page"}],"author":[{"embeddable":true,"href":"https:\/\/psychiatriebeschwerde-hl-oh.de\/index.php?rest_route=\/wp\/v2\/users\/1"}],"replies":[{"embeddable":true,"href":"https:\/\/psychiatriebeschwerde-hl-oh.de\/index.php?rest_route=%2Fwp%2Fv2%2Fcomments&post=12"}],"version-history":[{"count":1,"href":"https:\/\/psychiatriebeschwerde-hl-oh.de\/index.php?rest_route=\/wp\/v2\/pages\/12\/revisions"}],"predecessor-version":[{"id":13,"href":"https:\/\/psychiatriebeschwerde-hl-oh.de\/index.php?rest_route=\/wp\/v2\/pages\/12\/revisions\/13"}],"wp:attachment":[{"href":"https:\/\/psychiatriebeschwerde-hl-oh.de\/index.php?rest_route=%2Fwp%2Fv2%2Fmedia&parent=12"}],"curies":[{"name":"wp","href":"https:\/\/api.w.org\/{rel}","templated":true}]}}